and 47580.
366
Calculate the highest common factor of 210584 and 528.
88
What is the highest common factor of 4331 and 497?
71
What is the greatest common divisor of 256357 and 269?
269
Calculate the highest common divisor of 47083 and 985.
197
Calculate the greatest common divisor of 135378 and 2616.
654
Calculate the highest common divisor of 10348 and 4378.
398
What is the highest common factor of 28164 and 60?
12
Calculate the greatest common factor of 15458576 and 736.
368
Calculate the greatest common divisor of 5065 and 25.
5
Calculate the highest common divisor of 36 and 1710378.
18
What is the greatest common divisor of 3121625 and 26?
13
Calculate the highest common divisor of 96 and 70341.
3
What is the greatest common divisor of 764 and 1222782?
382
What is the highest common factor of 1353510 and 9?
9
What is the greatest common divisor of 7426 and 10105?
47
Calculate the greatest common divisor of 231 and 12033.
21
Calculate the highest common factor of 1792 and 110592.
256
What is the highest common factor of 17075 and 175?
25
Calculate the highest common divisor of 219345 and 105.
105
What is the greatest common factor of 99218 and 798?
266
Calculate the greatest common factor of 5865 and 3795.
345
Calculate the greatest common factor of 115395 and 47040.
735
Calculate the greatest common divisor of 117 and 975.
39
What is the greatest common divisor of 3720418 and 26?
26
Calculate the greatest common factor of 3852 and 270.
18
Calculate the greatest common factor of 368 and 4600.
184
What is the highest common divisor of 292 and 945058?
146
Calculate the highest common factor of 105092 and 1548.
172
Calculate the greatest common divisor of 5003117 and 68.
17
Calculate the highest common factor of 5684 and 137788.
196
What is the highest common factor of 727466 and 94?
94
What is the greatest common factor of 187488 and 8?
8
What is the greatest common factor of 196290 and 60?
30
What is the greatest common factor of 381843 and 15631?
2233
What is the highest common divisor of 600 and 368700?
300
What is the greatest common factor of 28 and 693020?
4
Calculate the greatest common factor of 220 and 908380.
220
Calculate the greatest common divisor of 1107 and 3879.
9
Calculate the highest common divisor of 3120 and 564240.
240
What is the greatest common factor of 522 and 2151568?
58
Calculate the highest common divisor of 54 and 2286.
18
What is the highest common divisor of 450 and 3930?
30
Calculate the greatest common divisor of 788 and 240143.
197
What is the highest common divisor of 994382 and 414?
46
What is the highest common divisor of 153 and 114461?
17
Calculate the greatest common factor of 138757 and 57.
19
What is the greatest common divisor of 792 and 7020?
36
Calculate the greatest common divisor of 7068 and 30.
6
Calculate the greatest common factor of 636491 and 523.
523
What is the greatest common factor of 182 and 2370134?
26
Calculate the greatest common divisor of 1092 and 172452.
84
What is the greatest common divisor of 3508 and 36?
4
Calculate the greatest common factor of 112600 and 1300.
100
What is the highest common divisor of 49214 and 22?
22
What is the highest common factor of 1167388 and 736?
92
Calculate the greatest common divisor of 1102 and 323524.
58
What is the highest common divisor of 768 and 39?
3
What is the greatest common divisor of 139906 and 4?
2
Calculate the highest common divisor of 148067 and 38.
19
Calculate the highest common divisor of 372 and 61722.
6
Calculate the greatest common factor of 3664 and 576.
16
Calculate the greatest common divisor of 38379 and 759.
33
Calculate the highest common factor of 1028 and 119762.
514
What is the highest common factor of 165 and 657825?
15
Calculate the greatest common divisor of 62 and 193998.
62
What is the greatest common divisor of 1942580 and 80?
20
What is the highest common divisor of 30 and 119415?
15
What is the greatest common factor of 3 and 416469?
3
What is the greatest common divisor of 7155 and 2014?
53
Calculate the greatest common divisor of 385 and 4345.
55
Calculate the greatest common divisor of 26841 and 15171.
1167
What is the highest common factor of 28 and 355985?
7
What is the highest common factor of 540868 and 184?
92
Calculate the greatest common factor of 1972978 and 742.
742
What is the highest common divisor of 32706 and 2898?
414
What is the highest common factor of 174 and 1336204?
58
Calculate the greatest common factor of 55935 and 2712.
339
Calculate the highest common factor of 57904 and 1008.
112
Calculate the highest common divisor of 7776 and 927.
9
What is the greatest common divisor of 14616 and 112?
56
What is the highest common divisor of 8455 and 19190?
95
What is the greatest common divisor of 624464 and 1488?
496
What is the greatest common divisor of 852 and 545280?
852
What is the greatest common divisor of 20819 and 109?
109
What is the greatest common divisor of 102 and 966?
6
Calculate the highest common factor of 703 and 49358.
37
Calculate the highest common divisor of 28 and 6146.
14
What is the highest common factor of 110402 and 2?
2
What is the highest common divisor of 159435 and 54?
27
Calculate the greatest common factor of 61976 and 6344.
488
Calculate the highest common factor of 4067 and 1911.
49
Calculate the highest common divisor of 7412 and 211896.
436
Calculate the greatest common divisor of 285 and 931228.
19
What is the highest common factor of 209 and 19399?
19
What is the greatest common factor of 246 and 15866?
2
What is the greatest common factor of 3905 and 5445?
55
Calculate the greatest common factor of 538254 and 51.
51
Calculate the greatest common factor of 130 and 284800.
10
What is the highest common divisor of 1635096 and 108?
12
What is the highest common divisor of 2211 and 16683?
201
What is the highest common divisor of 67 and 276911?
67
What is the highest common divisor of 3542 and 12926?
46
What is the greatest common factor of 239 and 211993?
239
Calculate the greatest common divisor of 32 and 427072.
32
What is the greatest common factor of 2016 and 4851?
63
What is the greatest common factor of 21550 and 450?
50
Calculate the highest common divisor of 28925 and 230243.
1157
Calculate the highest common factor of 987812 and 56.
28
What is the greatest common divisor of 3924494 and 14?
14
What is the highest common factor of 416 and 287456?
416
Calculate the greatest common factor of 1065 and 147585.
15
Calculate the greatest common factor of 239 and 126431.
239
What is the highest common factor of 132 and 58206?
6
Calculate the highest common factor of 217 and 917.
7
What is the greatest common factor of 5 and 1121195?
5
Calculate the greatest common divisor of 376 and 35344.
376
What is the greatest common factor of 918 and 25908?
102
What is the highest common factor of 10269 and 1071?
63
Calculate the greatest common divisor of 60 and 79290.
30
Calculate the highest common factor of 648517 and 1074.
179
What is the greatest common divisor of 2116 and 16836?
92
Calculate the highest common factor of 258 and 62092.
86
What is the highest common divisor of 19336 and 36?
4
What is the highest common factor of 3077765 and 51?
17
What is the greatest common factor of 284270 and 10633?
217
Calculate the greatest common factor of 1421 and 116.
29
Calculate the greatest common factor of 669 and 207167.
223
What is the highest common factor of 250986 and 531?
177
What is the greatest common divisor of 2076 and 100?
4
Calculate the greatest common factor of 234 and 49482.
18
Calculate the highest common factor of 427482 and 34.
34
What is the highest common factor of 1088 and 2831520?
544
What is the highest common factor of 2635 and 1105?
85
What is the highest common divisor of 137137 and 286?
143
What is the highest common divisor of 10 and 39705?
5
Calculate the greatest common factor of 495 and 897534.
99
Calculate the greatest common divisor of 33 and 35915.
11
Calculate the highest common divisor of 28868 and 868.
28
Calculate the greatest common factor of 35399 and 91.
91
What is the highest common divisor of 2414421 and 802?
401
What is the greatest common divisor of 166446 and 54?
18
Calculate the greatest common factor of 329 and 7329.